*q = -51 + 417. Does 12 divide q?
False
Let z = -28 + 1. Let y = 54 + z. Is 13 a factor of y?
False
Suppose 2*b = -2*m, -m + 6*m + 2*b = 0. Suppose c - 3 + 0 = m. Suppose 6*l = -h + c*l - 2, 22 = 4*h + 2*l. Is 6 a factor of h?
False
Let t(r) = 12*r - 18. Does 38 divide t(11)?
True
Let k = 27 - 16. Let j = k - 6. Does 17 divide ((-54)/(-2 + j))/(-1)?
False
Is 11 a factor of (-142)/(-4) + (3 - 18/12)?
False
Suppose -4*l + 621 = -203. Suppose t + l = -4*a - t, 5*a - 3*t + 285 = 0. Is (-1)/((-106)/a + -2) a multiple of 27?
True
Let a = 9 + -7. Let c(o) = 7*o + 2. Is c(a) a multiple of 8?
True
Let z be -2*(1 + 6/(-4)). Let x be -37 - (0 - z)*1. Let m = 63 + x. Is 12 a factor of m?
False
Suppose 7*a = -2*a + 1656. Does 8 divide a?
True
Suppose -2*c + 4*c = -3*j + 152, c - j - 71 = 0. Is 9 a factor of c?
False
Suppose v - 24 = 4. Is 13 a factor of v?
False
Let d(s) = -17*s**2 + 2*s + 1. Let x be d(-1). Let j = x - -33. Is 4 a factor of j?
False
Suppose 0 = 4*n - 25 + 1. Let o = 16 - 11. Suppose 2*m + 18 = n*m - h, 5*m - o*h - 30 = 0. Is m even?
True
Let n = 21 + -25. Let k = 13 + n. Does 9 divide k?
True
Let c(i) = -i**3 - 4*i**2 - 4*i + 3. Is c(-5) a multiple of 16?
True
Let q(s) be the first derivative of s**4/4 + s**3/3 - s**2 + 40*s - 5. Is q(0) a multiple of 10?
True
Suppose 0*f + 4*f = -2*u + 278, u + 3*f - 135 = 0. Does 21 divide u?
True
Suppose 0 = 3*s - 3*d + 3, -4*d - 4 = 2*s - 8. Let i = 44 - s. Is i a multiple of 11?
True
Let l = 30 - 63. Suppose z + 2*z - 4*c = -53, -5*c = -3*z - 55. Let x = z - l. Is x a multiple of 18?
True
Let a = -26 - -158. Is 22 a factor of a?
True
Let v be (10/(-30))/((-1)/(-51)). Let o = -3 - v. Does 7 divide o?
True
Suppose x = -5*q - 6, 5*x - 2*q + 13 = 91. Is x a multiple of 10?
False
Suppose -72*s = -67*s - 125. Suppose 5*f - 14 = 6. Suppose s = f*n + n. Is 5 a factor of n?
True
Let a(l) = -l**3 + 11*l**2 - 6*l - 12. Is 28 a factor of a(10)?
True
Suppose 2*f = f + 3. Let w be 1/6 + 29/6. Suppose f*n + c = 19, -2*n - 2*n - w*c = -40. Does 3 divide n?
False
Let v be (-2 - 0) + 3/(-1). Let b = v - -19. Does 14 divide b?
True
Suppose 2*a = 3*i + 17, -6*a = -2*a - 5*i - 31. Suppose a*q = -q - 65. Let s = q - -43. Does 14 divide s?
False
Let x = 14 - 4. Is x a multiple of 4?
False
Let o(k) = -1. Let w(p) = -11*p - 3. Let a(c) = -4*o(c) + w(c). Is a(-2) a multiple of 8?
False
Let k = 49 - 26. Suppose 0 = 5*s - a - k, 0 = -4*s + 2*a - 0*a + 16. Does 2 divide s?
False
Let v(i) = 3*i**3 - 3*i**2 + i - 1. Suppose -18 = -5*o - 3. Does 14 divide v(o)?
True
Suppose -2*o + 4*j - 64 = 0, 2*j = -3*o - o - 88. Let u = -5 - o. Does 10 divide u?
False
Let d(f) = f + 1. Let l be d(5). Let v = l + 30. Suppose -t + v = 3*t. Is t a multiple of 9?
True
Suppose a - 93 = 63. Suppose -a = -4*p + 68. Is 11 a factor of p?
False
Let q(o) = -o**2 + o - 28. Let w be q(0). Is 5 a factor of (-49)/(-4) - (-7)/w?
False
Let s = 107 + -164. Let c = s - -134. Let y = c - 42. Is y a multiple of 14?
False
Suppose -5*a + 2*c = -293, a - 3*c = c + 73. Does 18 divide a?
False
Suppose -78 = -2*f + 568. Does 19 divide f?
True
Suppose -j - 2 + 4 = 0. Is 2 a factor of j?
True
Let x = 119 + -21. Does 10 divide x?
False
Suppose -21*z = -17*z - 212. Is 31 a factor of z?
False
Let z(j) = 7*j**3 - j**2 + 8*j. Let t(n) = -6*n**3 + 2*n**2 - 7*n + 1. Let v(h) = -6*t(h) - 5*z(h). Is v(7) a multiple of 8?
True
Suppose -4*m = -2*m - 802. Suppose -19 = -6*y + m. Is 17 a factor of y?
False
Suppose a - 3*w = 2*w + 16, -5*a - 3*w - 4 = 0. Let y(u) = 8*u + a + 0 + 41*u. Is 14 a factor of y(1)?
False
Let d = -227 - -355. Is 16 a factor of d?
True
Suppose 2*n = 4*n + 4*f - 86, -2*n + 90 = 2*f. Is n a multiple of 28?
False
Let r = -7 - -65. Does 19 divide r?
False
Let c(w) = w**2 - 2*w. Is 51 a factor of c(-15)?
True
Let f(d) = -d**3 - 18*d**2 - 20*d + 35. Is f(-17) a multiple of 8?
False
Let s(t) = -t**3 - 7. Let o be s(0). Is (o/(-2))/((-11)/(-110)) a multiple of 7?
True
Let v(q) = -q**2 - q - 1. Let s(z) = -z**3 + 7*z**2 + 6*z + 9. Let h(n) = -s(n) - 5*v(n). Let u be 2/(-4) - 14/(-4). Does 2 divide h(u)?
True
Let i(d) = 2*d - 3. Let z be i(8). Suppose 29 + z = v. Does 21 divide v?
True
Let q(o) be the second derivative of -o**5/4 - o**4/12 + 4*o. Is 2 a factor of q(-1)?
True
Let n = 5 + 0. Suppose 0 = n*u - 10*u - 2*s + 13, 6 = -2*u + 2*s. Let z = 4 - u. Is 2 a factor of z?
False
Let b = 29 - 19. Does 3 divide 5/b + 10/4?
True
Let l = 79 - 35. Does 11 divide l?
True
Is (-8)/4 - (-81 + (2 - 2)) a multiple of 12?
False
Let m(n) = n + 2 + n**3 - 8*n**2 - n. Suppose -14 - 18 = -4*b. Does 2 divide m(b)?
True
Let j(n) = n**2 - 9*n - 17. Let v be j(13). Let a = v + -3. Does 9 divide a?
False
Let p(q) = -q + 2*q - 5*q**2 - 6 + 0*q + 6*q**2. Is p(5) a multiple of 6?
True
Suppose 4*n - 21 = 39. Suppose -1104 = -4*g - 0*g. Is 12 a factor of (-9)/n - g/(-10)?
False
Let q = -22 + -13. Let k = 59 + q. Does 12 divide k?
True
Suppose -f - 4*f + 37 = -4*r, f = -2*r - 1. Suppose 0 = -f*x + 4*x + 5. Suppose -x*p + 40 = -15. Is p a multiple of 11?
True
Let l = -44 - -47. Let f be 0 - (1 - 3)/1. Suppose -28 = -y - 4*o + f*o, -o = -l*y + 63. Is 11 a factor of y?
True
Suppose -18*m - 399 = -21*m. Is 8 a factor of m?
False
Suppose -2*d - 2 + 36 = 0. Suppose -3*i + d = -7. Is i a multiple of 5?
False
Let i(f) = 0 + f**2 - 2*f - 1 + 0. Let v be i(5). Suppose 0 = -4*w + 2*w + v. Does 7 divide w?
True
Let w(r) = r**3 - 2*r**2 - 4*r + 4. Is 20 a factor of w(4)?
True
Is (-2)/(1/(-5)*(-25)/(-30)) a multiple of 5?
False
Suppose -4*z = 4*o - 4, 2*o + 2*z = 3*z - 7. Let t be o/(4/14) + -1. Let f = -1 - t. Is f a multiple of 4?
False
Suppose 218 - 918 = -5*b. Let c = b - 96. Is c a multiple of 7?
False
Let t = -26 - -38. Suppose -2*m - 2*u = 2*m - 12, 2*u + t = 4*m. Suppose h - 14 = -4*l + l, -2*h - m*l = -34. Is h a multiple of 10?
True
Let g = 0 + 2. Suppose 2*m - 4 = -t, -2*t - g*m = -6 - 12. Does 7 divide t?
True
Suppose 3*b + 10 - 32 = x, -b = 4*x - 16. Does 7 divide b?
False
Suppose -2*l = -0*l. Let m be l/(-2*(-3)/(-6)). Suppose -4*i - 140 = -4*n, m = -5*n + 4*i + 225 - 53. Does 16 divide n?
True
Suppose 13 = -4*d - 35. Is d/(-4) - -16*2 a multiple of 11?
False
Let q = 550 - 318. Is 9 a factor of q/13 - (-6)/39?
True
Suppose m = d - 7, 0*d - 35 = -5*d + 4*m. Let u(q) = -3*q**2 - q**3 + q**2 + 4*q - d*q**2 - 5. Is u(-10) a multiple of 19?
False
Suppose 5*g - i - 30 = 0, 4*g - i - 48 = -5*i. Suppose 76 = g*o - 2*o + 2*p, 2*p = -4*o + 60. Does 6 divide o?
False
Suppose 0 = -2*c - 4*z + 10, z + z = c - 1. Suppose -2*s = -c*s + 47. Is s a multiple of 13?
False
Suppose -4*c = 2*o + c + 11, -3*o + 9 = -c. Suppose -4*t = o*j - 192 + 70, 0 = -5*t. Does 21 divide j?
False
Suppose -68 = -w - 3*w. Is 8 a factor of w?
False
Suppose 55*y + 48 = 57*y. Is 2 a factor of y?
True
Suppose 4*s - 380 = -4*b, -4*b = -0*s + 3*s - 381. Suppose 4*i - 24 = b. Does 10 divide i?
True
Suppose 5*u - 8 - 52 = 0. Suppose 2*k - n + 2 = u, 2*k + 3*n - 2 = 0. Does 2 divide k?
True
Suppose -10 = -3*y + 2*h + 48, -3*y + 5*h + 73 = 0. Suppose 4*c - 3*m = -0*m + y, 0 = -3*c + 5*m + 12. Suppose 3*i = -i + 12, c*s = i + 9. Is 3 a factor of s?
True
Let v(l) = l + 13. Suppose -5*w + 7 = 37. Does 3 divide v(w)?
False
Suppose 0*s - g = -s - 11, 0 = -3*s + 5*g - 43. Let p(t) = -t**2 - 8*t - 8. Let l be p(s). Let d = l + -1. Does 2 divide d?
False
Let t be 3/5 - (-4)/10. Let k be (-1)/t - -4*1. Suppose u + 0*u - k = 0. Is u even?
False
Let v be (-3)/((-6)/(-8) - 0). Let a(q) = q**3 + 4*q**2 + 5. Let f be a(v). Suppose f = p - 2. Is 3 a factor of p?
False
Let w be 1/((-1)/12*-4). Suppose w*c - 65 = -2*c. Is 3 a factor of c?
False
Suppose j + 0*j = -5, -2*l = 4*j - 606. Does 21 divide l?
False
Is (6/(-8))/(9/(-648)) a multiple of 13?
False
Let z = 25 - -63. Is z a multiple of 11?
True
Let m = -5 - -5. Suppose t + 2*a - 49 = 0, -2*t - 3*t + 4*a + 175 = m. Is t a multiple of 15?
False
Let b = 6 + 54. Is b a multiple of 16?
False
Let q(a) = a**2 - 4*a - 22. Is q(-12) a multiple of 36?
False
Let q(p) = -p**2 + 5*p - 3. Let g be q(4). Suppose 3*u + g = l, 0 = 4*l - 4*u - 18 + 6. Suppose 5*j = l*m - 0*m + 106, m - 68 = -4*j. Is 12 a factor of j?
False
Suppose i = 4, 3*i - 12 = q - 2. Does 5 divide 1/q - 156/(-8)?
True
Suppose 0 = 3*a - 2 - 7, 2*a = -